s the remainder when 18860 is divided by 944?
924
What is the remainder when 11786 is divided by 5890?
6
What is the remainder when 38848 is divided by 19421?
6
Calculate the remainder when 126643 is divided by 406.
377
Calculate the remainder when 84305 is divided by 261.
2
Calculate the remainder when 64303 is divided by 118.
111
What is the remainder when 2377 is divided by 1112?
153
Calculate the remainder when 44369 is divided by 138.
71
What is the remainder when 194237 is divided by 58?
53
Calculate the remainder when 3970 is divided by 661.
4
Calculate the remainder when 14869 is divided by 2123.
8
Calculate the remainder when 28244 is divided by 132.
128
What is the remainder when 1909 is divided by 795?
319
What is the remainder when 54793 is divided by 53?
44
What is the remainder when 16160 is divided by 2690?
20
Calculate the remainder when 721078 is divided by 18.
16
Calculate the remainder when 2588 is divided by 509.
43
Calculate the remainder when 21113 is divided by 24.
17
What is the remainder when 9679 is divided by 34?
23
What is the remainder when 211043 is divided by 173?
156
What is the remainder when 2801434 is divided by 91?
90
Calculate the remainder when 14356 is divided by 327.
295
Calculate the remainder when 33555 is divided by 137.
127
Calculate the remainder when 296515 is divided by 22.
21
Calculate the remainder when 4027 is divided by 1338.
13
Calculate the remainder when 2785 is divided by 104.
81
What is the remainder when 272 is divided by 116?
40
What is the remainder when 3169 is divided by 110?
89
Calculate the remainder when 14487 is divided by 193.
12
What is the remainder when 29103 is divided by 62?
25
What is the remainder when 10198 is divided by 22?
12
What is the remainder when 1054 is divided by 962?
92
What is the remainder when 6575 is divided by 329?
324
What is the remainder when 182694 is divided by 89?
66
Calculate the remainder when 268783 is divided by 33.
31
Calculate the remainder when 31252 is divided by 682.
562
What is the remainder when 16101 is divided by 2262?
267
What is the remainder when 12847 is divided by 4221?
184
What is the remainder when 206108 is divided by 916?
8
Calculate the remainder when 12484 is divided by 137.
17
Calculate the remainder when 10215 is divided by 72.
63
What is the remainder when 12953 is divided by 108?
101
What is the remainder when 21108 is divided by 452?
316
What is the remainder when 11810 is divided by 50?
10
Calculate the remainder when 2393 is divided by 500.
393
What is the remainder when 1002214 is divided by 126?
10
Calculate the remainder when 11673 is divided by 649.
640
Calculate the remainder when 546575 is divided by 11.
7
Calculate the remainder when 14368 is divided by 501.
340
Calculate the remainder when 9364 is divided by 4391.
582
What is the remainder when 3578 is divided by 980?
638
What is the remainder when 27545 is divided by 6859?
109
What is the remainder when 3554 is divided by 146?
50
What is the remainder when 7849 is divided by 982?
975
What is the remainder when 196879 is divided by 287?
284
Calculate the remainder when 23315 is divided by 457.
8
Calculate the remainder when 141442 is divided by 3.
1
Calculate the remainder when 1067163 is divided by 11.
9
Calculate the remainder when 13026 is divided by 2154.
102
What is the remainder when 187492 is divided by 187485?
7
What is the remainder when 3438 is divided by 36?
18
What is the remainder when 379249 is divided by 189623?
3
What is the remainder when 30574 is divided by 129?
1
Calculate the remainder when 2138 is divided by 356.
2
Calculate the remainder when 31838 is divided by 176.
158
What is the remainder when 466361 is divided by 39?
38
What is the remainder when 26141 is divided by 23?
13
Calculate the remainder when 42508 is divided by 10624.
12
What is the remainder when 145705 is divided by 22?
21
Calculate the remainder when 7972 is divided by 108.
88
What is the remainder when 14253 is divided by 10?
3
What is the remainder when 38139 is divided by 1816?
3
Calculate the remainder when 2553 is divided by 72.
33
Calculate the remainder when 787 is divided by 46.
5
What is the remainder when 577 is divided by 274?
29
Calculate the remainder when 20229 is divided by 21.
6
Calculate the remainder when 742487 is divided by 6.
5
Calculate the remainder when 21430 is divided by 268.
258
Calculate the remainder when 558 is divided by 511.
47
Calculate the remainder when 8963 is divided by 1492.
11
Calculate the remainder when 75009 is divided by 13.
12
What is the remainder when 20582 is divided by 166?
164
What is the remainder when 1852198 is divided by 294?
292
Calculate the remainder when 16785 is divided by 8385.
15
What is the remainder when 11394 is divided by 32?
2
What is the remainder when 4609 is divided by 768?
1
Calculate the remainder when 785953 is divided by 43.
42
What is the remainder when 87851 is divided by 43923?
5
What is the remainder when 175558 is divided by 110?
108
What is the remainder when 3178880 is divided by 134?
132
Calculate the remainder when 238294 is divided by 24.
22
What is the remainder when 99598 is divided by 172?
10
What is the remainder when 1462 is divided by 181?
14
Calculate the remainder when 785 is divided by 154.
15
What is the remainder when 2131 is divided by 2118?
13
Calculate the remainder when 2961 is divided by 370.
1
What is the remainder when 3896 is divided by 182?
74
What is the remainder when 2859874 is divided by 835?
834
Calculate the remainder when 2723287 is divided by 316.
315
Calculate the remainder when 4069 is divided by 4052.
17
What is the remainder when 49472 is divided by 49468?
4
What is the remainder when 1528925 is divided by 618?
611
Calculate the remainder when 11639 is divided by 112.
103
Calculate the remainder when 7378691 is divided by 3.
2
What is the remainder when 1839 is divided by 948?
891
What is the remainder when 6305 is divided by 6286?
19
Calculate the remainder when 128078 is divided by 57.
56
What is the remainder when 325832 is divided by 126?
122
Calculate the remainder when 3453 is divided by 48.
45
Calculate the remainder when 1173 is divided by 1.
0
Calculate the remainder when 21957 is divided by 183.
180
What is the remainder when 85359 is divided by 315?
309
Calculate the remainder when 28664 is divided by 173.
119
Calculate the remainder when 4767 is divided by 207.
6
Calculate the remainder when 221278 is divided by 24.
22
What is the remainder when 134259 is divided by 18?
15
What is the remainder when 102624 is divided by 491?
5
What is the remainder when 34948 is divided by 64?
4
What is the remainder when 212 is divided by 38?
22
What is the remainder when 1496 is divided by 30?
26
Calculate the remainder when 2062 is divided by 354.
292
Calculate the remainder when 135759 is divided by 4848.
15
Calculate the remainder when 934 is divided by 748.
186
Calculate the remainder when 1417 is divided by 1380.
37
What is the remainder when 50517 is divided by 377?
376
Calculate the remainder when 15754 is divided by 657.
643
What is the remainder when 1610935 is divided by 59?
58
Calculate the remainder when 9791 is divided by 178.
1
What is the remainder when 7322 is divided by 56?
42
Calculate the remainder when 65276 is divided by 320.
316
What is the remainder when 87346 is divided by 32?
18
Calculate the remainder when 9025 is divided by 8994.
31
Calculate the remainder when 92394 is divided by 231.
225
What is the remainder when 16903 is divided by 66?
7
What is the remainder when 12385 is divided by 221?
9
What is the remainder when 1146153 is divided by 3123?
12
What is the remainder when 232 is divided by 106?
20
Calculate the remainder when 724372 is divided by 14.
12
What is the remainder when 3728 is divided by 1061?
545
What is the remainder when 4077 is divided by 732?
417
Calculate the remainder when 176585 is divided by 29421.
59
What is the remainder when 7505469 is divided by 291?
288
Calculate the remainder when 59966 is divided by 7.
4
Calculate the remainder when 213698 is divided by 780.
758
What is the remainder when 1882 is divided by 347?
147
What is the remainder when 875241 is divided by 89?
15
What is the remainder when 14